ose x - 3 - 2 = 0, 10 = -3*i + 5*x. What is the units digit of i?
5
Suppose -2*o - 3*g - 100 = 0, -4*o = -4*g + 107 + 93. Let l = -23 - o. What is the tens digit of l?
2
Let k be 0/(0 - -3 - 1). Let g = 2 + k. What is the units digit of (-1)/(g/(-14)) - -1?
8
Let p(t) = -t**3 + 10*t**2 - 9*t + 10 + 2*t - 1. What is the tens digit of p(9)?
2
Suppose x - 3*x + 4 = 0. Suppose 0 = -3*z - h + 10, -6*z + h = -x*z - 4. What is the units digit of z?
2
Let s(g) = g**3 - 8*g**2 + 3*g - 16. What is the units digit of s(8)?
8
Let g = 5 + -1. Suppose -i + 6 = 2*a, -3*i - 9 + 2 = a. Suppose 2*m = -h - g*h + 21, m = -a*h + 23. What is the units digit of h?
5
Let u be 0*(-3 - (-2 + 0)). Suppose -n - 4 + 16 = u. What is the units digit of n?
2
Let w(i) be the first derivative of -i**3/3 + 7*i**2/2 - 6*i + 2. Let p be w(6). Let m = 1 - p. What is the units digit of m?
1
Suppose -2*f = -4*f - 3*r + 246, -8 = 2*r. Let l = -85 + f. What is the tens digit of l?
4
Let p(r) be the third derivative of -r**6/120 + r**5/5 - 5*r**4/12 + r**3/6 + 3*r**2. What is the units digit of p(11)?
2
Let b(z) = 8*z + 1. Let s be b(-1). Let v = s + 10. Suppose -3*t + v*x - 5*x + 33 = 0, -5*x = t - 24. What is the units digit of t?
9
Let x = -5 + 20. What is the units digit of (-3)/x - 12/(-10)?
1
Let l(k) = -k**2 - 5*k - 1. Let s be l(-4). Suppose 6 = 2*b - 0. Suppose b*x + s = 4*x. What is the units digit of x?
3
Suppose -i = 2*i - 15. Suppose w + 20 = i*w. Let p = 8 - w. What is the units digit of p?
3
Let x(u) = u**3 - 6*u**2 + 2*u + 5. What is the tens digit of x(6)?
1
Let g = 183 + -98. What is the tens digit of g?
8
Let s(o) = 13 + 2*o**2 - o**2 - 8 - 10*o. What is the units digit of s(10)?
5
Let v = 2 - -8. Let n = v - 1. What is the units digit of n?
9
Let a = 22 - 12. What is the units digit of (18/15)/(3/a)?
4
Suppose 5*j - 4*l + 5*l - 25 = 0, 4*j - 9 = -3*l. Suppose -3*m = 3*w + 27, w = 7*m - 2*m + 21. Let k = m + j. What is the units digit of k?
1
Let h = 124 - 61. What is the tens digit of h?
6
Let x(y) = y**3 + 11*y**2 + 12*y - 17. What is the tens digit of x(-7)?
9
Suppose -c - 2*c + 60 = 0. Let a = c + -9. What is the tens digit of a?
1
Let p = 12 - -23. Let q = p + -49. What is the units digit of 4/q - (-18)/14?
1
Suppose 2*g + 0*g - 136 = 0. Let k be (-1)/3 + g/(-3). Let u = -16 - k. What is the units digit of u?
7
Suppose 0 = -2*l + 5*m, 7*m - 12 = 4*l + 3*m. Let q(f) = 1 - f + 2*f + 5. What is the units digit of q(l)?
1
Let b(h) = 13*h**2 - 5*h - 4. What is the hundreds digit of b(4)?
1
Suppose c - 8 = 2*m, -4*c - 4*m = -0*m - 8. Suppose 4*w - 3*w - c = 0. Suppose 9*r = w*r + 30. What is the units digit of r?
6
Let y = 6 - 4. Suppose y*b + 2 = 36. Let h = b + -11. What is the units digit of h?
6
Let b(a) = -4 - 26*a - 17*a + 12*a + 2. What is the units digit of b(-1)?
9
Let o = 174 - 53. What is the tens digit of o?
2
Let a(g) = g - 8. What is the units digit of a(14)?
6
Suppose -h = -0*u + 2*u - 16, -h - 4*u + 14 = 0. Let k be (-88)/(-9) + 4/h. What is the units digit of k/(-15)*42/(-4)?
7
Suppose p - 3*f - 16 = -3*p, 5*p = -3*f + 47. Let l(j) = -3*j + 4*j + p + 1. What is the units digit of l(-6)?
2
Suppose -2*z = -7*z + 1070. What is the hundreds digit of z?
2
Suppose 52 = h + 3*k, -h + 5*k - 52 = -2*h. What is the tens digit of h?
5
Let q(b) = -2*b - 14. Let s be q(-8). Suppose -s*y + 4*y - 32 = 0. What is the tens digit of y?
1
Suppose 4*y = 4, 0 = 6*h - 2*h - y - 727. What is the tens digit of h?
8
Let c = -72 - -128. What is the tens digit of c?
5
Suppose -76 = 5*m - 4*j, -3*j - 22 = 3*m + 29. What is the units digit of ((-1)/(-4))/((-2)/m)?
2
Let y(f) = f**3 + 10*f**2 + 9*f - 7. Let p be y(-9). Let s(x) = x + 7. Let q be s(p). Suppose q = l - 4 - 1. What is the units digit of l?
5
Let a(r) = -1 + r + 3*r - 2*r - 2. Let n be 9 - 0/(2 + 0). What is the units digit of a(n)?
5
Let k be -11*(2 + -5) - -1. Let z = 47 - k. What is the tens digit of z?
1
Let g(w) = 94*w**2 + w - 1. Let l be g(1). Suppose 0 = 5*x - x - 20. Suppose 0 = -5*a + 2*q + l, -x*q + 3 = -4*q. What is the units digit of a?
0
Let a be 8/(-4) + 8/2. Suppose 4*p - 4*r - 112 = 0, -a*r - 7 = -p + 23. What is the tens digit of p?
2
Suppose 0 = -b + 4*r + 175, 350 = 5*b - 3*b + 2*r. Let x(y) = 2*y. Let l be x(-3). What is the units digit of (l/(-10))/(5/b)?
1
Let l(q) = -q**3 - 4*q**2 + 5*q - 3. Let n be l(-5). Let t be (n/(-3))/(2/8). Suppose t*x - 21 = 3. What is the units digit of x?
6
Let a be (-4)/10 + (-665)/25. Let j be 6/a + 4/18. Suppose 5*n - 25 = j, 6*n - 2*n - 16 = l. What is the units digit of l?
4
Let i(x) = x**2 - 5*x + 2. Let m be i(5). Suppose l = -m*l. Suppose -10 = -5*a - 35, -3*f - 5*a - 10 = l. What is the units digit of f?
5
Let b(w) = w + 2. Let n be b(6). Suppose -n*j = -4*j - 84. What is the tens digit of j?
2
Suppose 0 = -2*w + w + 5. Let i = -5 + 9. Suppose 0*d - 25 = -i*d + a, 47 = w*d + 4*a. What is the units digit of d?
7
Suppose 120 = -56*d + 58*d. What is the tens digit of d?
6
Let j = 209 - 140. What is the units digit of j?
9
Let v(r) be the first derivative of -1/4*r**4 - r**2 + 3*r - 1 + r**3. What is the units digit of v(2)?
3
Suppose 4*v = 3*v. Let f(t) be the first derivative of t**2/2 + 7*t + 1. What is the units digit of f(v)?
7
Let c = -57 - -106. Suppose 8 = -2*o, -5*r - 4*o = -0*r - c. What is the tens digit of r?
1
Suppose 0 = r - 2*r - 2*h + 312, -5*r = 2*h - 1528. What is the tens digit of r?
0
Let f(c) be the second derivative of -3*c**5/5 - c**3/6 - c**2/2 + 18*c. Suppose -4*n - 1 = 3. What is the tens digit of f(n)?
1
What is the units digit of (-15)/10 + (-42)/(-4)?
9
Suppose -4*m + 7*m = -3. What is the units digit of m + (-2)/2*-7?
6
Suppose 3*k + 2*k = 50. Suppose -5*s - 120 = -k*s. What is the tens digit of s?
2
Suppose 6*b - 2*b - 8 = 0. Suppose b*g = -3 + 5. Suppose -4*z + 2*i + g = -39, 2*i + 4 = 0. What is the units digit of z?
9
Let t be 3 + -3*2/6. Suppose 4*j + 50 = 5*q, q = -2*q - t*j + 52. What is the units digit of q?
4
Let i(o) be the second derivative of -6*o**3 - o**2/2 - o. Let n be i(-1). Suppose -4*k - 2*f + 3 = -n, 3*f = -k + 2. What is the tens digit of k?
1
What is the units digit of (2/(-6))/(-6 + 16734/2790)?
5
Let m(t) be the third derivative of t**5/15 + t**4/8 + t**3/3 + t**2. What is the tens digit of m(-2)?
1
Suppose -21*w + 0*w + 5208 = 0. What is the units digit of w?
8
Let c(t) = -t**3 + 13*t**2 + 20*t + 8. What is the tens digit of c(14)?
9
Let s be 2 - 1 - (8 + -8). Suppose -5*q + s + 9 = 0. What is the units digit of q?
2
Let b(u) be the second derivative of -u**5/120 + u**4/24 + u**3/2 + 3*u. Let p(k) be the second derivative of b(k). What is the units digit of p(-6)?
7
Let m(v) = v**3 + 11*v**2 - 2*v + 12. What is the tens digit of m(-11)?
3
Let i(t) = -3 - 7*t + 3*t**2 + 0*t**2 - 4*t**2. Let y = 1 - 6. What is the units digit of i(y)?
7
Suppose -3*i + 9 = -6*i. Let a be 0 - i - (0 + 1). Suppose -5*u + 30 = -a*u. What is the tens digit of u?
1
What is the tens digit of (-124)/(-6)*(20 - 17)?
6
Let q be 8/2 + 2 + -3. Suppose -37 = -2*a - 2*n + q*n, 3*a - 38 = -2*n. What is the tens digit of a?
1
Let y(n) = -n**3 - 8*n**2 + 2. Let q be (2/2 + -2)*-1. Let s be (-8)/((0 - -1)/q). What is the units digit of y(s)?
2
Let j be (-4)/(-5)*10/4. Suppose -j*z - 12 = z. What is the tens digit of (10/8)/(z/(-32))?
1
Suppose 3*t - 41 = 7. Suppose -4*g + 0*g - 3*n = -14, -3*g + t = 5*n. What is the units digit of 24/4 - (0 + g)?
4
What is the tens digit of (-155)/(-6)*14 - (-18)/(-27)?
6
Suppose 5*x - 5 + 25 = 0. What is the units digit of (2/x)/(2/(-28))?
7
Let r(y) = y**3 + 4*y**2 - 13*y - 10. Let g(s) = s + 1. Let k(m) = 5*g(m) + r(m). What is the units digit of k(-5)?
0
What is the tens digit of ((-416)/(-39))/((-4)/(-42))?
1
Suppose -b + 66 = -3*r - 4*b, 4*r = 2*b - 112. Let m be ((-21)/9 - -1)*33. Let x = r - m. What is the units digit of x?
8
Suppose 5*x - 5*b = 90, 2*b + 23 = 4*x - 45. Let v = -1 + 3. Suppose -v*l - 2*l = -x. What is the units digit of l?
4
Let r be 4/18 + (-70)/(-9). Suppose -32 = -4*x + r. What is the tens digit of x?
1
Suppose 8 - 372 = -7*d. What is the tens digit of d?
5
Let o(j) = 5*j**3 + 2*j**2 - 1. Let m be o(1). Suppose 9 = 3*z - m. Suppose -4*r = -z + 1. What is the units digit of r?
1
